{"id":23543,"date":"2015-09-15T11:59:27","date_gmt":"2015-09-15T11:59:27","guid":{"rendered":"http:\/\/blueowlcreative.com\/wp\/fortuna_export\/?page_id=23543"},"modified":"2022-05-02T07:19:49","modified_gmt":"2022-05-02T07:19:49","slug":"naslovna","status":"publish","type":"page","link":"https:\/\/dentistcroatia.info\/hrv\/","title":{"rendered":"Naslovna"},"content":{"rendered":"<p>[vc_row full_width=&#8221;stretch_row_content_no_spaces&#8221;][vc_column][vc_column_text][rev_slider_vc alias=&#8221;tarle&#8221;]<div class=\"boc_spacing \" style=\"height: 10px\"><\/div>[\/vc_column_text][vc_row_inner][vc_column_inner width=&#8221;1\/2&#8243; css=&#8221;.vc_custom_1651475866578{padding-right: 25px !important;padding-left: 25px !important;}&#8221;]\r\n\t\t\t\t\t<!-- Image Slider -->\r\n\t\t\t\t\t<script type=\"text\/javascript\">\r\n\r\n\t\t\t\t\t\tjQuery(document).ready(function($) {\r\n\t\t\t\t\t\t\t\r\n\t\t\t\t\t\t\t\/\/ Load carousel after its images are loaded\r\n\t\t\t\t\t\t\tpreloadImages($(\"#img_slider_50aec3fe79a49870c61d5355b2959588 img\"), function () {\r\n\t\t\t\t\t\t\t\t\r\n\t\t\t\t\t\t\t\tvar carousel = $(\"#img_slider_50aec3fe79a49870c61d5355b2959588\");\r\n\t\t\t\t\t\t\t\t\r\n\t\t\t\t\t\t\t\tvar args = {\r\n\t\t\t\t\t\t\t\t\titems: \t\t\t1,\r\n\t\t\t\t\t\t\t\t\tmouseDrag:\t\ttrue,\r\n\t\t\t\t\t\t\t\t\tautoplay:\t\ttrue,\r\n\t\t\t\t\t\t\t\t\tautoplayTimeout:6000,\r\n\t\t\t\t\t\t\t\t\tnav: \t\t\ttrue,\r\n\t\t\t\t\t\t\t\t\tdots: \t\t\tfalse,\r\n\t\t\t\t\t\t\t\t\tloop: \t\t\tfalse,\r\n\t\t\t\t\t\t\t\t\tautoHeight: \tfalse,\r\n\t\t\t\t\t\t\t\t\tsmartSpeed:\t\t250,\r\n\t\t\t\t\t\t\tnavText:\t\t\t[\"<span class='icon icon-arrow-left8'><\/span>\",\"<span class='icon icon-uniE708'><\/span>\"],\r\n\t\t\t\t\t\t\t\t\tslideBy: \t\t1,\r\n\t\t\t\t\t\t\t\t\tnavRewind: \t\tfalse,\r\n\t\t\t\t\t\t\t\t\trtl: \t\t\tfalse,\r\n\t\t\t\t\t\t\t\t\tonInitialized:  \tshowCarousel_50aec3fe79a49870c61d5355b2959588,\r\n\t\t\t\t\t\t\t\t\t\r\n\t\t\t\t\t\t\t\t};\r\n\t\t\t\t\t\t\t\t\r\n\t\t\t\t\t\t\t\tcarousel.owlCarousel(args);\r\n\r\n\t\t\t\t\t\t\t\tvar initital_width = carousel.css(\"width\");\t\t\r\n\t\t\t\t\t\t\t\t\r\n\t\t\t\t\t\t\t\t\/* Refresh it for full width rows *\/\r\n\t\t\t\t\t\t\t\t$(window).load(function(){\r\n\t\t\t\t\t\t\t\t\tif(carousel.css(\"width\") != initital_width) {\r\n\t\t\t\t\t\t\t\t\t\tcarousel.trigger(\"destroy.owl.carousel\").removeClass(\"owl-carousel owl-loaded\");\r\n\t\t\t\t\t\t\t\t\t\tcarousel.find(\".owl-stage-outer\").children().unwrap();\r\n\t\t\t\t\t\t\t\t\t\tcarousel.owlCarousel(args);\r\n\t\t\t\t\t\t\t\t\t}\r\n\t\t\t\t\t\t\t\t});\r\n\t\t\t\t\t\t\t});\r\n\t\t\t\t\t\t\t\r\n\t\t\t\t\t\t\t\r\n\t\t\t\t\t\t\t\/* Show after initialized *\/\r\n\t\t\t\t\t\t\tfunction showCarousel_50aec3fe79a49870c61d5355b2959588() {\r\n\t\t\t\t\t\t\t\t$(\"#img_slider_50aec3fe79a49870c61d5355b2959588\").fadeTo(0,1);\r\n\t\t\t\t\t\t\t\t$(\"#img_slider_50aec3fe79a49870c61d5355b2959588 .owl-item .boc_owl_lazy\").css(\"opacity\",\"1\");\r\n\t\t\t\t\t\t\t}\t\t\t\t\t\t\t\r\n\t\t\t\t\t\t\t\r\n\t\t\t\t\t\t\t\r\n\t\t\t\t\t\t});\r\n\r\n\t\t\t\t\t<\/script>\r\n\t\t\t\t\t<!-- Image Slider :: END --><div class=\"img_slider mfp_gallery  big_arrows\" id=\"img_slider_50aec3fe79a49870c61d5355b2959588\" style=\"opacity:0;\"><div class=\"img_slider_item boc_owl_lazy\"><img src=\"https:\/\/dentistcroatia.info\/hrv\/wp-content\/uploads\/2022\/05\/1583497714642.jpeg\" alt=\"\" title=\"\"\/><\/div><div class=\"img_slider_item boc_owl_lazy\"><img src=\"https:\/\/dentistcroatia.info\/hrv\/wp-content\/uploads\/2022\/05\/1600686150370.jpeg\" alt=\"\" title=\"\"\/><\/div><div class=\"img_slider_item boc_owl_lazy\"><img src=\"https:\/\/dentistcroatia.info\/hrv\/wp-content\/uploads\/2022\/05\/1617966499829.jpeg\" alt=\"\" title=\"\"\/><\/div><div class=\"img_slider_item boc_owl_lazy\"><img src=\"https:\/\/dentistcroatia.info\/hrv\/wp-content\/uploads\/2022\/05\/1630068382672.jpeg\" alt=\"\" title=\"\"\/><\/div><div class=\"img_slider_item boc_owl_lazy\"><img src=\"https:\/\/dentistcroatia.info\/hrv\/wp-content\/uploads\/2022\/05\/primescan.jpg\" alt=\"\" title=\"\"\/><\/div><\/div>[vc_column_text]Jeste li znali da je 84%1 pacijenata preferiralo digitalno uzimanje otiska u odnosu na konvencionalno? Impresionirajte svoje pacijente ponudom brzih i ugodnih intraoralnih skeniranja s Primescanom. Zahvaljuju\u0107i stalnim pobolj\u0161anjima hardvera i softvera, intraoralno skeniranje s Primescanom sada je preciznije, br\u017ee i lak\u0161e nego ikad prije2.[\/vc_column_text][\/vc_column_inner][vc_column_inner width=&#8221;1\/2&#8243; css=&#8221;.vc_custom_1651475993407{padding-right: 25px !important;padding-left: 25px !important;}&#8221;]<h2 class=\"boc_heading  al_left  \"  style=\"margin-bottom: 20px;margin-top: 0px;color: #333;\"><span>PRIMESCAN<\/span><\/h2>[vc_column_text]<strong>Intraoralni skener za sve va\u0161e digitalne potrebe<\/strong><br \/>\nJeste li \u010dekali pravo vrijeme za digitalizaciju? Evo prilike da zapo\u010dnete. Primescan je va\u0161a savr\u0161ena po\u010detna to\u010dka u digitalnoj stomatologiji i impresionira klini\u010dare i laboratorijske tehni\u010dare iznimno visokim performansama. Iako je jednostavan za kori\u0161tenje, skener vam pru\u017ea fleksibilnost da definirate svoje pojedina\u010dne tijekove rada.[\/vc_column_text][vc_video link=&#8221;https:\/\/www.youtube.com\/watch?v=h2bOYMcDVAE&amp;feature=emb_imp_woyt&amp;ab_channel=DentsplySirona&#8221;][\/vc_column_inner][\/vc_row_inner][\/vc_column][\/vc_row][vc_row css=&#8221;.vc_custom_1442231068222{padding-top: 120px !important;padding-bottom: 100px !important;}&#8221;][vc_column width=&#8221;2\/3&#8243; css=&#8221;.vc_custom_1442232280418{padding-right: 100px !important;}&#8221; el_class=&#8221;no_side_padding_in_responsive_column&#8221;]<h2 class=\"boc_heading  al_left  \"  style=\"margin-bottom: 20px;margin-top: 0px;color: #333333;font-size: 28px;\"><span>Individualni pristup, stru\u010dnost, <strong>razgovor<\/strong> i ljubaznost<\/span><\/h2><div class=\"boc_divider_holder\"><div class=\"boc_divider  \"  style=\"margin-top: 20px;margin-bottom: 20px;width: 60px;height: 1px;background: #eeeeee;\"><\/div><\/div>[vc_column_text]Od samih po\u010detaka osnovni postulat na\u0161e ordinacije je individualnim pristupom, stru\u010dno\u0161\u0107u, razgovorom i ljubazno\u0161\u0107u omogu\u0107iti pacijentu da se osje\u0107a ugodno i da sve stomatolo\u0161ke usluge dobije na jednom mjestu. Ordinacija posjeduje najsuvremeniju opremu i materijale iz svih grana stomatologije.[\/vc_column_text][vc_row_inner][vc_column_inner width=&#8221;1\/2&#8243;]<div class=\"boc_list_item  \" >\r\n\t\t\t\t\t<span class=\"li_icon normal \" style=\"\"><i class=\"icon icon-arrow-right6\" style=\"\"><\/i><\/span>\r\n\t\t\t\t\t<div class=\"boc_list_item_text normal\">Estetska restorativna stomatologija<\/div>\r\n\t\t\t\t   <\/div><div class=\"boc_list_item  \" >\r\n\t\t\t\t\t<span class=\"li_icon normal \" style=\"\"><i class=\"icon icon-arrow-right6\" style=\"\"><\/i><\/span>\r\n\t\t\t\t\t<div class=\"boc_list_item_text normal\">Implantologija i oralna kirurgija<\/div>\r\n\t\t\t\t   <\/div><div class=\"boc_list_item  \" >\r\n\t\t\t\t\t<span class=\"li_icon normal \" style=\"\"><i class=\"icon icon-arrow-right6\" style=\"\"><\/i><\/span>\r\n\t\t\t\t\t<div class=\"boc_list_item_text normal\">Protetika<\/div>\r\n\t\t\t\t   <\/div>[\/vc_column_inner][vc_column_inner width=&#8221;1\/2&#8243;]<div class=\"boc_list_item  \" >\r\n\t\t\t\t\t<span class=\"li_icon normal \" style=\"\"><i class=\"icon icon-arrow-right6\" style=\"\"><\/i><\/span>\r\n\t\t\t\t\t<div class=\"boc_list_item_text normal\">Ortodoncija, Endodoncija<\/div>\r\n\t\t\t\t   <\/div><div class=\"boc_list_item  \" >\r\n\t\t\t\t\t<span class=\"li_icon normal \" style=\"\"><i class=\"icon icon-arrow-right6\" style=\"\"><\/i><\/span>\r\n\t\t\t\t\t<div class=\"boc_list_item_text normal\">Parodontologija, Izbjeljivanje<\/div>\r\n\t\t\t\t   <\/div><div class=\"boc_list_item  \" >\r\n\t\t\t\t\t<span class=\"li_icon normal \" style=\"\"><i class=\"icon icon-arrow-right6\" style=\"\"><\/i><\/span>\r\n\t\t\t\t\t<div class=\"boc_list_item_text normal\">Profilaksa, Dje\u010dja stomatologija<\/div>\r\n\t\t\t\t   <\/div>[\/vc_column_inner][\/vc_row_inner][\/vc_column][vc_column width=&#8221;1\/3&#8243; css=&#8221;.vc_custom_1442233566757{border-top-width: 1px !important;border-right-width: 1px !important;border-bottom-width: 1px !important;border-left-width: 1px !important;padding-top: 40px !important;padding-right: 52px !important;padding-bottom: 40px !important;padding-left: 52px !important;background-color: #f7f7f7 !important;background-position: 0 0 !important;background-repeat: no-repeat !important;border-left-color: rgba(242,242,242,0.79) !important;border-left-style: solid !important;border-right-color: rgba(242,242,242,0.79) !important;border-right-style: solid !important;border-top-color: rgba(242,242,242,0.79) !important;border-top-style: solid !important;border-bottom-color: rgba(242,242,242,0.79) !important;border-bottom-style: solid !important;border-radius: 1px !important;}&#8221;]<h3 class=\"boc_heading  al_left  \"  style=\"margin-bottom: 20px;margin-top: 0px;color: #262626;font-size: 26px;\"><span>\u00a0Zahvaljuju\u0107i bogatom usavr\u0161avanju u zemlji i inozemstvu <\/span><\/h3>[vc_column_text]kao i dugogodi\u0161njem iskustvu u radu, spremni smo rije\u0161iti Va\u0161 problem na individualan i kompetentan na\u010din posve\u0107uju\u0107i svakom pacijentu dostatno vremena kako bi se rije\u0161ile sve nedoumice i ponudio optimalan plan terapije.[\/vc_column_text]<div class=\"boc_spacing \" style=\"height: 2px\"><\/div><a\thref=\"https:\/\/dentistcroatia.info\/hrv\/kontakt\/\" \n\t\t\t\tclass=\"button btn_small btn_theme_color btn_circled btn_outline icon_pos_after btn_icon_anim_out  \"  target='_self'><span>Kontakt<\/span> <i class='icon icon-arrow-right6'><\/i> <\/a>[\/vc_column][\/vc_row][vc_row full_width=&#8221;stretch_row&#8221; bg_type=&#8221;image&#8221; bg_image_new=&#8221;23929&#8243; bg_override=&#8221;full&#8221; enable_overlay=&#8221;off&#8221; css=&#8221;.vc_custom_1553867410106{margin-bottom: 0px !important;padding-top: 120px !important;padding-bottom: 80px !important;}&#8221; el_class=&#8221;white_text&#8221;][vc_column el_class=&#8221;no_side_padding_in_responsive_column&#8221; css=&#8221;.vc_custom_1428484195757{padding-right: 180px !important;padding-left: 180px !important;}&#8221;]<h1 class=\"boc_heading  center  \"  style=\"margin-bottom: 20px;margin-top: 0px;color: #ffffff;\"><span>Neke od <strong>recenzija<\/strong><\/span><\/h1><div class=\"boc_divider_holder\"><div class=\"boc_divider  \"  style=\"margin-top: 20px;margin-bottom: 20px;width: 100px;margin-left: auto; margin-right: auto;height: 1px;background: rgba(255,255,255,0.17);\"><\/div><\/div><!-- Testimonials -->\r\n\t\t\t\t<div class=\"testimonials\">\r\n\t\t\t\t\t<div id=\"testimonial_carousel_34099\" style=\"opacity: 0;\" class=\"testimonials_carousel  owl_has_dot_nav testimonial_style_big\">\t<div class=\"testimonial_quote boc_owl_lazy\">\r\n\t\t\t\t\t\t<div class=\"quote_content\">\r\n\t\t\t\t\t\t\t<p>&#8220;Dvadeset godina dolazim redovito u ordinaciju dr. Tarle. Dr. Tarle je vrlo pedantan i precizan. Koristeci najnovije stomatoloske materijale i uz preciznost postavljanja kompozitnih ispuna, kompoziti postavljeni prije dvadeset godina izgledaju kao da su postavljeni danas. Bez pigmentacija i rubnog obojenja uz potpuno ocuvanu okluzalnu morfologiju zuba sto ukazuje na sposobnost odabira pravog materijala za prednje i straznje zube te pravilnu pripremu zuba za postavljanje ispuna. Dr. Tarle uvijek stoji na raspolaganju&#8221;<\/p>\r\n\t\t\t\t\t\t\t<span class=\"quote_arrow\"><\/span>\r\n\t\t\t\t\t\t<\/div>\r\n\t\t\t\t\t\t<div class=\"quote_author heading_font\"><img width=\"200\" height=\"200\" src=\"https:\/\/dentistcroatia.info\/hrv\/wp-content\/uploads\/2019\/04\/person-icon.jpg\" class=\"attachment-full size-full\" alt=\"\" loading=\"lazy\" srcset=\"https:\/\/dentistcroatia.info\/hrv\/wp-content\/uploads\/2019\/04\/person-icon.jpg 200w, https:\/\/dentistcroatia.info\/hrv\/wp-content\/uploads\/2019\/04\/person-icon-150x150.jpg 150w\" sizes=\"(max-width: 200px) 100vw, 200px\" \/><div class=\"icon_testimonial\">Sebastian <\/div><span class=\"quote_author_description\">Zagreb<\/span>\t<\/div>\r\n\t\t\t\t\t<\/div>\t<div class=\"testimonial_quote boc_owl_lazy\">\r\n\t\t\t\t\t\t<div class=\"quote_content\">\r\n\t\t\t\t\t\t\t<p>#Dr Davor je stomatolog koji barata svim stomatoloskim disciplinama. Takav mi je upravo trebao prije 5 godina, kada smo napravili opseznu rekonstruciju, od tada dolazim na redovne preglede i prezadovoljan sam.&#8221;<\/p>\r\n\t\t\t\t\t\t\t<span class=\"quote_arrow\"><\/span>\r\n\t\t\t\t\t\t<\/div>\r\n\t\t\t\t\t\t<div class=\"quote_author heading_font\"><img width=\"200\" height=\"200\" src=\"https:\/\/dentistcroatia.info\/hrv\/wp-content\/uploads\/2019\/04\/person-icon.jpg\" class=\"attachment-full size-full\" alt=\"\" loading=\"lazy\" srcset=\"https:\/\/dentistcroatia.info\/hrv\/wp-content\/uploads\/2019\/04\/person-icon.jpg 200w, https:\/\/dentistcroatia.info\/hrv\/wp-content\/uploads\/2019\/04\/person-icon-150x150.jpg 150w\" sizes=\"(max-width: 200px) 100vw, 200px\" \/><div class=\"icon_testimonial\">Marin<\/div><span class=\"quote_author_description\">Zagreb<\/span>\t<\/div>\r\n\t\t\t\t\t<\/div>\t<div class=\"testimonial_quote boc_owl_lazy\">\r\n\t\t\t\t\t\t<div class=\"quote_content\">\r\n\t\t\t\t\t\t\t<p>&#8220;Prije zahvata detaljno mi je objasnio plan i do u detalja mi je sve opisao, tako da sam bez straha krenula u avanturu moji zubi,koja je zahvljujuci Dr. Tarleu, zavr\u0161ila spektakularno. Va\u0161a pacijentica Mila!&#8221;<\/p>\r\n\t\t\t\t\t\t\t<span class=\"quote_arrow\"><\/span>\r\n\t\t\t\t\t\t<\/div>\r\n\t\t\t\t\t\t<div class=\"quote_author heading_font\"><img width=\"200\" height=\"200\" src=\"https:\/\/dentistcroatia.info\/hrv\/wp-content\/uploads\/2019\/04\/person-icon.jpg\" class=\"attachment-full size-full\" alt=\"\" loading=\"lazy\" srcset=\"https:\/\/dentistcroatia.info\/hrv\/wp-content\/uploads\/2019\/04\/person-icon.jpg 200w, https:\/\/dentistcroatia.info\/hrv\/wp-content\/uploads\/2019\/04\/person-icon-150x150.jpg 150w\" sizes=\"(max-width: 200px) 100vw, 200px\" \/><div class=\"icon_testimonial\">Mila<\/div><span class=\"quote_author_description\">Zagreb<\/span>\t<\/div>\r\n\t\t\t\t\t<\/div><\/div>\r\n\t\t\t\t<\/div>\r\n\t\t\t\t<!-- Testimonials::END -->\r\n\r\n\t\t\t\t<!-- Testimonials Carousel JS -->\r\n\t\t\t\t<script type=\"text\/javascript\">\r\n\r\n\t\t\t\t\tjQuery(document).ready(function($) {\r\n\r\n\t\t\t\t\t\tvar carousel = $(\"#testimonial_carousel_34099\");\r\n\r\n\t\t\t\t\t\tvar args = {\r\n\t\t\t\t\t\t\tonInitialized:  \t\tbocShowTestimonialCarousel_34099,\r\n\t\t\t\t\t\t\titems: 1,\r\n\t\t\t\t\t\t\tautoplay:\t\t\ttrue,\r\n\t\t\t\t\t\t\tautoplayTimeout:\t8000,\r\n\t\t\t\t\t\t\tloop: \t\t\t\ttrue,\r\n\t\t\t\t\t\t\tnav: \t\t\t\ttrue,\r\n\t\t\t\t\t\t\tdots: \t\t\t\ttrue,\r\n\t\t\t\t\t\t\tautoHeight: \t\t\tfalse,\r\n\t\t\t\t\t\t\tnavText:\t\t\t\t[\"<span class='icon  icon-angle-left-circle'><\/span>\",\"<span class='icon icon-angle-right-circle'><\/span>\"],\r\n\t\t\t\t\t\t\tnavRewind: false,\r\n\t\t\t\t\t\t\trtl: \t\t\t\tfalse,\r\n\t\t\t\t\t\t\tsmartSpeed:\t\t\t600,\r\n\t\t\t\t\t\t\tmargin: \t\t\t\t10,\t\t\t\t\t\r\n\t\t\t\t\t\t\tanimateOut: \t\tfalse,\r\n\t\t\t\t\t\t\tanimateIn: \t\t\tfalse,\r\n\t\t\t\t\t\t};\r\n\r\n\t\t\t\t\t\tcarousel.owlCarousel(args);\r\n\r\n\t\t\t\t\t\tvar initital_width = carousel.css(\"width\");\r\n\t\t\t\t\t\t\r\n\t\t\t\t\t\t\/* Refresh it for full width rows *\/\r\n\t\t\t\t\t\t$(window).load(function(){\r\n\t\t\t\t\t\t\tif(carousel.css(\"width\") != initital_width) {\r\n\t\t\t\t\t\t\t\tcarousel.trigger(\"destroy.owl.carousel\").removeClass(\"owl-carousel owl-loaded\");\r\n\t\t\t\t\t\t\t\tcarousel.find(\".owl-stage-outer\").children().unwrap();\r\n\t\t\t\t\t\t\t\tcarousel.owlCarousel(args);\r\n\t\t\t\t\t\t\t}\r\n\t\t\t\t\t\t});\r\n\t\t\t\t\t\t\r\n\t\t\t\t\t\t\/* Show once loaded *\/\r\n\t\t\t\t\t\tfunction bocShowTestimonialCarousel_34099(){\r\n\t\t\t\t\t\t\tcarousel.fadeTo(0,1);\r\n\t\t\t\t\t\t\tjQuery(\"#testimonial_carousel_34099 .owl-item .boc_owl_lazy\").css(\"opacity\",\"1\");\r\n\t\t\t\t\t\t}\r\n\r\n\t\t\t\t\t});\r\n\t\r\n\t\t\t\t<\/script>\r\n\t\t\t\t<!-- Testimonials Carousel JS: END -->\t    \r\n    \r\n\t\r\n\t\t\t\t[\/vc_column][\/vc_row][vc_row full_width=&#8221;stretch_row&#8221; parallax=&#8221;content-moving-fade&#8221; parallax_image=&#8221;24031&#8243; css=&#8221;.vc_custom_1554118302533{margin-bottom: 0px !important;padding-top: 300px !important;padding-bottom: 220px !important;}&#8221; el_class=&#8221;center&#8221;][vc_column]<div class=\"boc_spacing \" style=\"height: 20px\"><\/div><h1 class=\"boc_heading  center  \"  style=\"margin-bottom: 20px;margin-top: 0px;color: #ffffff;font-size: 72px;\"><span>Novi<strong style=\"color: #595552;\">osmijeh.<\/strong> Novi \u017eivot.<\/span><\/h1><div class=\"boc_heading  center  bgr_dotted  \"  style=\"margin-bottom: 20px;margin-top: 0px;color: #595552;font-size: 33px;line-height: 1.7em;\"><span>30 godina rada. individualan i kompetentan na\u010din rje\u0161avanja i postizanja rezultata<\/span><\/div><div class=\"boc_spacing \" style=\"height: 60px\"><\/div><a\thref=\"https:\/\/dentistcroatia.info\/hrv\/usluge\/\" \n\t\t\t\tclass=\"button btn_large btn_white btn_circled btn_normal_style icon_pos_after   \"  target='_self'><span>Usluge<\/span> <i class='icon icon-leaf2'><\/i> <\/a>[\/vc_column][\/vc_row][vc_row full_width=&#8221;stretch_row_content_no_spaces&#8221; el_class=&#8221;no_text_transform&#8221;][vc_column width=&#8221;1\/2&#8243; el_class=&#8221;equal_height_column white_text&#8221; css=&#8221;.vc_custom_1553777553285{padding-top: 80px !important;padding-right: 80px !important;padding-bottom: 80px !important;padding-left: 80px !important;background-image: url(https:\/\/dentistcroatia.info\/hrv\/wp-content\/uploads\/2019\/03\/footsteps-2.jpg?id=23832) !important;background-position: center !important;background-repeat: no-repeat !important;background-size: cover !important;}&#8221; offset=&#8221;vc_hidden-md vc_hidden-sm vc_hidden-xs&#8221;][\/vc_column][vc_column width=&#8221;1\/2&#8243; el_class=&#8221;equal_height_column white_text center&#8221; css=&#8221;.vc_custom_1554118817359{padding-top: 80px !important;padding-right: 7% !important;padding-bottom: 80px !important;padding-left: 7% !important;background-color: #bdc0c2 !important;background-position: 0 0 !important;background-repeat: no-repeat !important;}&#8221;]<div class=\"boc_icon_holder boc_icon_size_large boc_icon_pos_center  \" style=\"\"><span class=\"boc_icon icon icon-plugin\" style=\"color:#ffffff;\"><\/span><\/div><div class=\"boc_spacing \" style=\"height: 20px\"><\/div><h3 class=\"boc_heading  center  \"  style=\"margin-bottom: 20px;margin-top: 0px;color: #ffffff;font-size: 30px;\"><span>Privatna stomatolo\u0161ka ordinacija za estetsku stomatologiju<\/span><\/h3><div class=\"boc_divider_holder\"><div class=\"boc_divider  \"  style=\"margin-top: 24px;margin-bottom: 20px;width: 60px;margin-left: auto; margin-right: auto;height: 1px;background: rgba(224,224,224,0.46);\"><\/div><\/div><div class=\"boc_spacing \" style=\"height: 6px\"><\/div>[vc_column_text]Davor Tarle, dr.med.dent., diplomirao je Stomatolo\u0161kom fakultetu Sveu\u010dili\u0161ta u Zagrebu 1992. godine. Nakon zavr\u0161enog fakulteta, radio je na Zavodu za ortodonciju Stomatolo\u0161kog fakulteta u Zagrebu, a 1995. godine otvara privatnu stomatolo\u0161ku ordinaciju za estetsku stomatologiju.[\/vc_column_text]<div class=\"boc_spacing \" style=\"height: 20px\"><\/div><a\thref=\"https:\/\/dentistcroatia.info\/hrv\/kontakt\/\" \n\t\t\t\tclass=\"button btn_small btn_white btn_circled btn_outline icon_pos_after   \"  target='_self'><span>Kontakt<\/span> <i class='icon icon-heart2'><\/i> <\/a><div class=\"boc_spacing \" style=\"height: 20px\"><\/div>[\/vc_column][\/vc_row][vc_row css=&#8221;.vc_custom_1554454661340{margin-top: 40px !important;margin-bottom: 40px !important;}&#8221;][vc_column]<h2 class=\"boc_heading no_text_transform center  \"  style=\"margin-bottom: 20px;margin-top: 50px;color: #333333;font-size: 32px;\"><span>Mi se brinemo o<strong> zdravlju i ljepoti<\/strong> va\u0161ih zuba<\/span><\/h2><div class=\"boc_heading  center  \"  style=\"margin-bottom: 20px;margin-top: 0px;color: #cccccc;font-size: 20px;line-height: 1.7em;\"><span>Na\u0161 tim se sastoji od profesionalaca koji vole vidjeti osmijeh i zadovoljne klijente<\/span><\/div><div class=\"boc_spacing \" style=\"height: 2px\"><\/div><div class=\"boc_divider_holder\"><div class=\"boc_divider  \"  style=\"margin-top: 24px;margin-bottom: 20px;width: 100px;margin-left: auto; margin-right: auto;height: 1px;background: #eeeeee;\"><i class=\"icon icon-diamond2\"  style=\"font-size: 17px; line-height: 17px;color: #28afab;left: 50%; transform: translateY(-50%) translateX(-50%);background-color: #ffffff;padding: 10px;\"><\/i><\/div><\/div><div class=\"boc_spacing \" style=\"height: 35px\"><\/div>[\/vc_column][\/vc_row][vc_row full_width=&#8221;stretch_row_content_no_spaces&#8221; el_class=&#8221;no_text_transform&#8221; css=&#8221;.vc_custom_1442224878519{margin-bottom: 0px !important;}&#8221;][vc_column width=&#8221;1\/3&#8243; el_class=&#8221;equal_height_column&#8221; css=&#8221;.vc_custom_1442223931042{padding-top: 80px !important;padding-right: 80px !important;padding-bottom: 80px !important;padding-left: 80px !important;background-color: #f2f2f2 !important;background-position: 0 0 !important;background-repeat: no-repeat !important;}&#8221;]<div class=\"boc_spacing \" style=\"height: 16px\"><\/div><h3 class=\"boc_heading  al_left  \"  style=\"margin-bottom: 20px;margin-top: 0px;color: #262626;font-size: 30px;\"><span>Progresivne metode <strong>Bri\u017eni pristup<\/strong> <\/span><\/h3><div class=\"boc_divider_holder\"><div class=\"boc_divider  \"  style=\"margin-top: 24px;margin-bottom: 20px;width: 60px;height: 1px;background: rgba(186,186,186,0.4);\"><\/div><\/div><div class=\"boc_spacing \" style=\"height: 6px\"><\/div>[vc_column_text]Od estetske restorativne stomatologije, implantologije, do ljuskica, izbjeljivanja i dijagnostike[\/vc_column_text]<div class=\"boc_spacing \" style=\"height: 6px\"><\/div><a\thref=\"https:\/\/dentistcroatia.info\/hrv\/usluge\/\" \n\t\t\t\tclass=\"button btn_small btn_theme_color btn_circled btn_outline icon_pos_after   \"  target='_self'><span>Usluge detaljnije<\/span> <i class='icon icon-heart2'><\/i> <\/a>[\/vc_column][vc_column width=&#8221;1\/3&#8243; el_class=&#8221;equal_height_column white_text&#8221; css=&#8221;.vc_custom_1553863183315{padding-top: 80px !important;padding-right: 80px !important;padding-bottom: 80px !important;padding-left: 80px !important;background-image: url(https:\/\/dentistcroatia.info\/hrv\/wp-content\/uploads\/2019\/03\/dentalna-oprema.jpg?id=23847) !important;background-position: center !important;background-repeat: no-repeat !important;background-size: cover !important;}&#8221; offset=&#8221;vc_col-lg-4 vc_hidden-md vc_hidden-sm vc_hidden-xs&#8221;][\/vc_column][vc_column width=&#8221;1\/3&#8243; css=&#8221;.vc_custom_1442224639157{padding-top: 80px !important;padding-right: 80px !important;padding-bottom: 80px !important;padding-left: 80px !important;background-color: #222928 !important;background-position: center !important;background-repeat: no-repeat !important;background-size: cover !important;}&#8221; el_class=&#8221;equal_height_column&#8221;]<div class=\"side_icon_box large white_text boc_animate_when_almost_visible\"><span class=\"icon_feat \" style=\"\"><i class=\"icon icon-umbrella\" style=\"\"><\/i><\/span><h3>Pod jednim krovom<\/h3><div class=\"side_icon_box_content\">Sa 30 godina iskustva i timom vrhunskih profesionalaca, prepustite nam<br \/>\nrje\u0161enje va\u0161ih dentalnih problema<\/div><\/div><div class=\"boc_spacing \" style=\"height: 16px\"><\/div><div class=\"side_icon_box large white_text boc_animate_when_almost_visible\"><span class=\"icon_feat \" style=\"\"><i class=\"icon icon-plane\" style=\"\"><\/i><\/span><h3>Brze usluge<\/h3><div class=\"side_icon_box_content\">Prilago\u0111avamo se va\u0161em rasporedu i promptno, brzo i efikasno kreiramo koncept<br \/>\ndentalnih rje\u0161enja za Vas<\/div><\/div>[\/vc_column][\/vc_row][vc_row][vc_column][vc_column_text]<\/p>\n<p>[\/vc_column_text][\/vc_column][\/vc_row][vc_row css=&#8221;.vc_custom_1427377115820{margin-bottom: 0px !important;}&#8221;][vc_column css=&#8221;.vc_custom_1427377437484{padding-top: 60px !important;padding-bottom: 0px !important;}&#8221;][\/vc_column][\/vc_row]<\/p>\n","protected":false},"excerpt":{"rendered":"<p>[vc_row full_width=&#8221;stretch_row_content_no_spaces&#8221;][vc_column][vc_column_text][rev_slider_vc alias=&#8221;tarle&#8221;][\/vc_column_text][vc_row_inner][vc_column_inner width=&#8221;1\/2&#8243; css=&#8221;.vc_custom_1651475866578{padding-right: 25px !important;padding-left: 25px !important;}&#8221;][vc_column_text]Jeste li znali da je 84%1 pacijenata preferiralo digitalno uzimanje otiska u odnosu na konvencionalno? Impresionirajte svoje pacijente ponudom brzih i ugodnih intraoralnih skeniranja s Primescanom. Zahvaljuju\u0107i stalnim pobolj\u0161anjima hardvera i softvera, intraoralno skeniranje s Primescanom sada je preciznije, br\u017ee i lak\u0161e nego ikad prije2.[\/vc_column_text][\/vc_column_inner][vc_column_inner width=&#8221;1\/2&#8243; css=&#8221;.vc_custom_1651475993407{padding-right: 25px !important;padding-left: 25px !important;}&#8221;][vc_column_text]Intraoralni skener<\/p>\n<div class=\"h10\"><\/div>\n<p><a class=\"more-link1\" href=\"https:\/\/dentistcroatia.info\/hrv\/\">Read more<\/a><\/p>\n","protected":false},"author":1,"featured_media":0,"parent":0,"menu_order":0,"comment_status":"closed","ping_status":"closed","template":"","meta":[],"_links":{"self":[{"href":"https:\/\/dentistcroatia.info\/hrv\/wp-json\/wp\/v2\/pages\/23543"}],"collection":[{"href":"https:\/\/dentistcroatia.info\/hrv\/wp-json\/wp\/v2\/pages"}],"about":[{"href":"https:\/\/dentistcroatia.info\/hrv\/wp-json\/wp\/v2\/types\/page"}],"author":[{"embeddable":true,"href":"https:\/\/dentistcroatia.info\/hrv\/wp-json\/wp\/v2\/users\/1"}],"replies":[{"embeddable":true,"href":"https:\/\/dentistcroatia.info\/hrv\/wp-json\/wp\/v2\/comments?post=23543"}],"version-history":[{"count":14,"href":"https:\/\/dentistcroatia.info\/hrv\/wp-json\/wp\/v2\/pages\/23543\/revisions"}],"predecessor-version":[{"id":24357,"href":"https:\/\/dentistcroatia.info\/hrv\/wp-json\/wp\/v2\/pages\/23543\/revisions\/24357"}],"wp:attachment":[{"href":"https:\/\/dentistcroatia.info\/hrv\/wp-json\/wp\/v2\/media?parent=23543"}],"curies":[{"name":"wp","href":"https:\/\/api.w.org\/{rel}","templated":true}]}}