{"id":24087,"date":"2019-04-01T16:57:40","date_gmt":"2019-04-01T16:57:40","guid":{"rendered":"https:\/\/dentistcroatia.info\/hrv\/?page_id=24087"},"modified":"2019-04-04T10:00:28","modified_gmt":"2019-04-04T10:00:28","slug":"digitalna-protetika","status":"publish","type":"page","link":"https:\/\/dentistcroatia.info\/hrv\/digitalna-protetika\/","title":{"rendered":"Digitalna protetika"},"content":{"rendered":"<p>Svi protetski nadomjesci se izra\u0111uju u digitalnom obliku u najkra\u0107em mogu\u0107em roku:<br \/>\n-skeniranje<br \/>\n-kompjutorsko dizajniranje<br \/>\n-frezanje ( robotska tehnologija )<br \/>\n-nijansiranje<\/p>\n<p>CAD\/CAM tehnologija omogucava jo\u0161 ve\u0107u preciznost i prirodnost.<\/p>\n","protected":false},"excerpt":{"rendered":"<p>Svi protetski nadomjesci se izra\u0111uju u digitalnom obliku u najkra\u0107em mogu\u0107em roku: -skeniranje -kompjutorsko dizajniranje -frezanje ( robotska tehnologija ) -nijansiranje CAD\/CAM tehnologija omogucava jo\u0161 ve\u0107u preciznost i prirodnost.<\/p>\n","protected":false},"author":1,"featured_media":0,"parent":0,"menu_order":0,"comment_status":"closed","ping_status":"closed","template":"","meta":[],"_links":{"self":[{"href":"https:\/\/dentistcroatia.info\/hrv\/wp-json\/wp\/v2\/pages\/24087"}],"collection":[{"href":"https:\/\/dentistcroatia.info\/hrv\/wp-json\/wp\/v2\/pages"}],"about":[{"href":"https:\/\/dentistcroatia.info\/hrv\/wp-json\/wp\/v2\/types\/page"}],"author":[{"embeddable":true,"href":"https:\/\/dentistcroatia.info\/hrv\/wp-json\/wp\/v2\/users\/1"}],"replies":[{"embeddable":true,"href":"https:\/\/dentistcroatia.info\/hrv\/wp-json\/wp\/v2\/comments?post=24087"}],"version-history":[{"count":2,"href":"https:\/\/dentistcroatia.info\/hrv\/wp-json\/wp\/v2\/pages\/24087\/revisions"}],"predecessor-version":[{"id":24297,"href":"https:\/\/dentistcroatia.info\/hrv\/wp-json\/wp\/v2\/pages\/24087\/revisions\/24297"}],"wp:attachment":[{"href":"https:\/\/dentistcroatia.info\/hrv\/wp-json\/wp\/v2\/media?parent=24087"}],"curies":[{"name":"wp","href":"https:\/\/api.w.org\/{rel}","templated":true}]}}