{"id":24129,"date":"2019-04-02T11:44:24","date_gmt":"2019-04-02T11:44:24","guid":{"rendered":"https:\/\/dentistcroatia.info\/hrv\/?page_id=24129"},"modified":"2019-04-04T10:19:04","modified_gmt":"2019-04-04T10:19:04","slug":"djecja-stomatologija","status":"publish","type":"page","link":"https:\/\/dentistcroatia.info\/hrv\/djecja-stomatologija\/","title":{"rendered":"Dje\u010dja stomatologija"},"content":{"rendered":"<p>[vc_row][vc_column]<div class=\"grid_holder mfp_gallery  small_spacing\" id=\"img_gallery_15113d4c2e15144c2a4df2d45b463c9e\"><div class=\"col span_1_of_4 info_item isotope_element\">\r\n\t\t\t\t\t\t\t<div class=\"pic \">\t\t\t\r\n\t\t\t\t\t\t\t<a href=\"https:\/\/dentistcroatia.info\/hrv\/wp-content\/uploads\/2019\/04\/djecja-02.jpg\" class=\"mfp_popup_gal\" title=\"\">\r\n\t\t\t\t\t\t\t\t<img src=\"https:\/\/dentistcroatia.info\/hrv\/wp-content\/uploads\/2019\/04\/djecja-02.jpg\" alt=\"\" \/>\r\n\t\t\t\t\t\t\t\t<div class='img_overlay'><span class='hover_icon icon_zoom'><\/span><\/div>\r\n\t\t\t\t\t\t\t<\/a>\t<\/div><\/div><\/div>[\/vc_column][\/vc_row][vc_row][vc_column][vc_column_text]Dje\u010dja stomatologija (pedononcija) bavi se pra\u0107enjem rasta i razvoja usne \u0161upljine i \u010deljusti u djece, te prevencijom i sanacijom karijesa.<\/p>\n<p>Prevencija je ono na \u010demu je najve\u0107i naglasak, jer je u toj dobi va\u017eno razvijati higijenske navike. Va\u017enu ulogu u tome ima dolazak stomatologu, koji treba biti ugodan i zabavan za dijete.<\/p>\n<p>Kontrolni pregledi djece provode se neposredno nakon nicanja mlije\u010dnih zuba i ovakvim pristupom mogu se na vrijeme primijetiti mogu\u0107e promjene u najranijem stanju, a roditelje posavjetovati o va\u017enosti preventivnih mjera u o\u010duvanju oralnog zdravlja koje uklju\u010duje:<\/p>\n<p>&#8211; pravilno \u010detkanje zuba te izbor \u010detkice i paste za zube<br \/>\n&#8211; pravilna prehrana i uklanjanje lo\u0161ih navika<br \/>\n&#8211; va\u017enost o\u010duvanja zdravih mlije\u010dnih zuba<br \/>\n&#8211; edukacija o karijesu bo\u010dice<br \/>\n&#8211; profesionalna fluoridacija<br \/>\n&#8211; rano prepoznavanje ortodontskih anomalija, koje je mogu\u0107e potpuno rije\u0161iti samo u dje\u010djoj dobi<br \/>\n&#8211; pe\u010da\u0107enje i za\u0161tita zuba<\/p>\n<p>Preventivni postupci kao \u0161to su premazivanje zubi fluoridnim lakovima i pe\u010da\u0107enje fisura na trajnim zubima, koje provodimo u na\u0161oj ordinaciji, su potpuno bezbolni. Redovitost posjeta stomatologu trebala bi osigurati da djeca adolescentsku dob do\u010dekaju zdravih zubi.[\/vc_column_text][\/vc_column][\/vc_row]<\/p>\n","protected":false},"excerpt":{"rendered":"<p>[vc_row][vc_column][\/vc_column][\/vc_row][vc_row][vc_column][vc_column_text]Dje\u010dja stomatologija (pedononcija) bavi se pra\u0107enjem rasta i razvoja usne \u0161upljine i \u010deljusti u djece, te prevencijom i sanacijom karijesa. Prevencija je ono na \u010demu je najve\u0107i naglasak, jer je u toj dobi va\u017eno razvijati higijenske navike. Va\u017enu ulogu u tome ima dolazak stomatologu, koji treba biti ugodan i zabavan za dijete. Kontrolni pregledi djece provode se neposredno nakon nicanja<\/p>\n<div class=\"h10\"><\/div>\n<p><a class=\"more-link1\" href=\"https:\/\/dentistcroatia.info\/hrv\/djecja-stomatologija\/\">Read more<\/a><\/p>\n","protected":false},"author":1,"featured_media":0,"parent":0,"menu_order":0,"comment_status":"closed","ping_status":"closed","template":"","meta":[],"_links":{"self":[{"href":"https:\/\/dentistcroatia.info\/hrv\/wp-json\/wp\/v2\/pages\/24129"}],"collection":[{"href":"https:\/\/dentistcroatia.info\/hrv\/wp-json\/wp\/v2\/pages"}],"about":[{"href":"https:\/\/dentistcroatia.info\/hrv\/wp-json\/wp\/v2\/types\/page"}],"author":[{"embeddable":true,"href":"https:\/\/dentistcroatia.info\/hrv\/wp-json\/wp\/v2\/users\/1"}],"replies":[{"embeddable":true,"href":"https:\/\/dentistcroatia.info\/hrv\/wp-json\/wp\/v2\/comments?post=24129"}],"version-history":[{"count":5,"href":"https:\/\/dentistcroatia.info\/hrv\/wp-json\/wp\/v2\/pages\/24129\/revisions"}],"predecessor-version":[{"id":24307,"href":"https:\/\/dentistcroatia.info\/hrv\/wp-json\/wp\/v2\/pages\/24129\/revisions\/24307"}],"wp:attachment":[{"href":"https:\/\/dentistcroatia.info\/hrv\/wp-json\/wp\/v2\/media?parent=24129"}],"curies":[{"name":"wp","href":"https:\/\/api.w.org\/{rel}","templated":true}]}}